late the greatest common factor of u and 54.
6
Let m(a) = 3*a**2 - 31*a - 420. Let h be m(-21). Calculate the highest common divisor of 21 and h.
21
Let u = -2005 - -2020. What is the highest common factor of 315 and u?
15
Let l be 188/6 - (-2)/3. Suppose t - 4*f + 320 = 5*t, 4*t + 2*f - 324 = 0. Let v be t/10 + (-4)/20. Calculate the highest common divisor of l and v.
8
Let s = -165 - -168. Calculate the greatest common factor of 15 and s.
3
Let d = -699 - -930. What is the highest common divisor of 168 and d?
21
Let a(l) = -l**3 - 10*l**2 - 4*l - 4. Let f be 3/2*-2 + -9. Let s be a(f). Let r = s - 228. What is the greatest common divisor of r and 13?
13
Let r be 4 + (7 - 8)*(-2 + -3). Suppose -3*v - 1 = -7. Let i be v - -3 - (1 - 2). What is the highest common divisor of r and i?
3
Suppose h + 90 - 138 = 0. Suppose -13 = 7*v - h. Suppose 2*b + 8 = 0, 4*b = -5*c + 47 + 112. Calculate the highest common divisor of c and v.
5
Let p = -42 - -90. Suppose 2*m - 31 = -1. Let o be (-2 - (-42)/m)*15. What is the highest common factor of p and o?
12
Suppose -4*v + 0*v + 112 = 0. Let o(k) = 26*k**2 - 4*k + 2. Let c be o(3). Let t be (126/(-24))/((-6)/c). Calculate the greatest common factor of v and t.
28
Let n be 4*3/(-6) + 1224/36. Suppose -b - 5*z + 1162 = 3*b, 4*b + 2*z - 1156 = 0. Calculate the greatest common factor of n and b.
32
Let f(s) = 45*s**2 - 52*s + 184. Let w be f(4). What is the greatest common divisor of w and 24?
24
Let y(o) = 2*o**3 - 4*o**2 - 20*o + 16. Let b be y(8). Calculate the greatest common factor of b and 48.
48
Let u = -259 - -329. What is the highest common divisor of u and 126?
14
Suppose -m = -2*c + 16, 2*m + c - 6 + 58 = 0. Let h = m - -25. What is the highest common factor of h and 1?
1
Let v be (-6)/(-4) - ((-125)/2 + 9). What is the greatest common factor of v and 44?
11
Let y(d) = -d**3 - 3*d**2 + 5*d - 3. Let n be y(-4). Let v(o) = -o**3 - 6*o**2 - 3*o - 6. Let z be v(n). What is the greatest common divisor of z and 32?
32
Let k(o) = -8*o + 147. Let g be k(16). Let m = -41 + 5. Let u = m - -55. Calculate the highest common factor of u and g.
19
Let j = 218 + -206. Let m = -11 + 14. Calculate the highest common divisor of m and j.
3
Let p = 20 - 20. Suppose p = a - 4. Suppose a*b = 4*x + 424, x = b + 4*x - 102. Calculate the highest common divisor of b and 21.
21
Let f be (1/2)/(2/(-12)). Let s(b) = 2*b**2 + b + 5246 - 5242 + 3*b. Let r be s(f). What is the greatest common divisor of r and 5?
5
Let y = 38 + 18. Let u be -1*1*(-6 - (-42 + -1)). Let j = u + 51. What is the highest common factor of j and y?
14
Let p be 0 + -1 + 3 - 0. Suppose 0*o - 183 = -4*o - c, -c = -p*o + 87. Suppose -9 + o = 3*d. What is the highest common divisor of d and 36?
12
Suppose -3*c + 18 = -24. Let y be (0 + 2)*(0 - 2 - -9). Calculate the highest common factor of y and c.
14
Suppose -4*u + 5*u + 5*f = 90, -3*u + 238 = -f. Calculate the greatest common divisor of u and 64.
16
Suppose -4*m = 3*z - 23 - 26, 5*m - z - 85 = 0. Let g(c) = c**3 + 12*c**2 - 7*c - 4. Let p be g(-12). Calculate the greatest common divisor of m and p.
16
Let r be 0/(-2) + 3/((-3)/(-8)). Suppose 29 - 845 = -r*x. Calculate the greatest common factor of 34 and x.
34
Suppose -4*j + 147 = -3*y, -3*j - 2*j + 4*y + 185 = 0. Suppose 60*x - 41*x = 5643. What is the highest common factor of j and x?
33
Let j = 433 - 83. Let k be 48 - -4*(-3)/(-6). Calculate the highest common factor of j and k.
50
Let t(l) = l**3 + 46*l**2 + 237*l + 10. Let v be t(-6). Suppose 4*z + 2*h = 26 - 8, 5*h - 9 = -z. What is the highest common factor of z and v?
4
Suppose 0 = 4*g - 0*g - 68. Suppose 3*q - 67 = -4*s, 33 = q + 2*s + 8. Calculate the highest common factor of q and g.
17
Suppose 295 + 161 = 2*k. What is the greatest common factor of 171 and k?
57
Suppose 0 = -5*f + 5*p + 23 + 2, 5*f + 5*p - 35 = 0. Suppose f*i - 6 - 24 = 0. Calculate the highest common factor of 25 and i.
5
Let y = -517 - -697. What is the greatest common factor of y and 54?
18
Let h = -500 - -510. What is the highest common factor of h and 6?
2
Let s be 0 + 1 - (-144 - -1). Let w be 238/1904 + 142/16. Calculate the highest common divisor of w and s.
9
Let s(x) = -7*x**3 - 4*x**2 - 2*x - 9. Let g be s(-3). What is the greatest common divisor of 6 and g?
6
Suppose 3*q = 6, 35 + 71 = 2*b + 2*q. Suppose 3*k + 0 = -i + 82, -2*k + b = -3*i. Calculate the highest common divisor of k and 108.
27
Let v be -10 + -6*1/(-2). Let r = v + 10. Suppose 0 = -r*z - 3*a + 27 + 3, -3*a - 12 = 0. What is the greatest common divisor of z and 28?
14
Let l(o) = 19 + 147 + 72 - o**2 + 7*o + 5*o. Let h be l(0). Let k = 3 + 31. What is the greatest common factor of k and h?
34
Suppose 0 - 46 = 2*h. Let k be 6/4*(-322)/h. Calculate the highest common divisor of k and 84.
21
Let r(v) = -4*v - 9. Let b be r(-3). Suppose -x = -b*x. Suppose -5*g = -2*t + 17, -4*t + x*g + 58 = -2*g. Calculate the highest common divisor of 112 and t.
16
Let s = 38 + -23. Let z(v) = 190*v - 3595. Let o be z(19). What is the greatest common divisor of o and s?
15
Let a(g) = 3*g - 1. Let s be a(1). Let v = -120 + 124. Suppose -4*w - w + 20 = s*j, 0 = -v*w - 5*j + 16. Calculate the greatest common divisor of w and 2.
2
Suppose -3*w - 88 = -w. Let t = w - -165. Calculate the highest common divisor of 11 and t.
11
Let h(q) = -q**3 - 2*q**2 - 2*q + 12. Let f be h(0). What is the greatest common factor of f and 192?
12
Let v be 1/2 + (-9)/(-6). Suppose 2*i + 76 = 4*b, -3*i = v*b + i - 38. Let k = b - 11. Calculate the highest common factor of 20 and k.
4
Let b(t) = 7*t - 1. Suppose -6 - 4 = -2*c. Suppose -2*w + 2 = -w + 5*j, w = c*j + 12. Let r be b(w). Calculate the highest common divisor of r and 6.
6
Let s(y) = -y**3 - 60*y**2 - 77*y - 374. Let q be s(-59). Calculate the greatest common factor of q and 86.
86
Let l(k) = k**3 - 7*k**2 + 7*k + 4. Let h be l(6). Suppose h*g - 162 = 4*g. What is the greatest common divisor of 3 and g?
3
Let v = -5 + 4. Let i(p) = 61*p + 23. Let z(u) = -21*u - 8. Let k(g) = -6*i(g) - 17*z(g). Let f be k(v). What is the highest common factor of 63 and f?
7
Let r(t) = -14*t**3 - 5*t**2 + 9*t + 36. Let a be r(-4). What is the greatest common divisor of 32 and a?
16
Suppose -17*k + 24*k = 784. What is the greatest common factor of 32 and k?
16
Let j(k) = 55*k - 4. Let o = 16 - 12. Let p be j(o). Suppose 0 = -5*q + q + p. What is the greatest common factor of 9 and q?
9
Let t be 6*6/(-9)*-4. Suppose -5*v = 4*f - 197, -5*v - 16 - 27 = -f. Calculate the highest common factor of f and t.
16
Let y = -45 - -49. Suppose -y*z + 704 = 5*x, -3*x - 4*z + 423 = -z. Calculate the highest common factor of 56 and x.
28
Let d(h) = -h**3 + h**2 + 11*h + 30. Let a be d(-4). What is the greatest common divisor of 154 and a?
22
Suppose 3*i + 11*i - 840 = 0. Calculate the highest common factor of i and 15.
15
Suppose 50*d + 2088 = 58*d. What is the highest common divisor of d and 9?
9
Let f(z) = 7*z - 35. Let n be f(6). Let u be ((-671)/2)/((-2)/(-4)). Let m be u/(-77) - (-2)/n. What is the greatest common divisor of m and 72?
9
Let z(c) = c**3 - 14*c**2 - c + 189. Let o be z(13). Let w be ((-3)/2)/((-3)/42). What is the highest common divisor of w and o?
7
Let s(o) be the first derivative of o**3/3 + 5*o**2/2 - 8*o + 4. Let v be s(-6). Let r be (6/v + 14)*5. What is the highest common divisor of r and 11?
11
Let u = -223 + 232. What is the greatest common divisor of u and 39?
3
Suppose -3*o - s + 216 = 0, 2*o + 3*s = 19 + 125. What is the highest common factor of 144 and o?
72
Let j = 70 - 66. Suppose -5*i + 116 = 4*t - 341, -j*t + 427 = -i. Calculate the highest common divisor of t and 12.
12
Let d(y) = -3*y + 2. Let a be d(-5). Let f(z) = -z**2 + 20*z - 39. Let l be f(a). Calculate the highest common factor of 84 and l.
12
Let m = 54 - 33. Let w = 2 - -3. Suppose -m - 329 = -w*k. Calculate the highest common divisor of k and 14.
14
Let f = -20 - -45. Suppose -19 + f = 3*j. Suppose -5*u = 3*p - 210, -j*p + 2*u - 3*u = -140. What is the highest common factor of 10 and p?
10
Suppose -5*u = 3*j - j - 71, 0 = -4*j - 3*u + 135. Let o be (-6)/(-33) + 93/j. What is the highest common factor of 9 and o?
3
Suppose 4*j + k - 106 = 0, -4*j + 4*k + 100 - 4 = 0. Let h(t) = 